{"id":265,"date":"2024-11-16T21:46:53","date_gmt":"2024-11-16T20:46:53","guid":{"rendered":"https:\/\/yessalguieditions.com\/?page_id=265"},"modified":"2025-02-16T19:43:54","modified_gmt":"2025-02-16T18:43:54","slug":"contact","status":"publish","type":"page","link":"https:\/\/yessalguieditions.com\/?page_id=265","title":{"rendered":"Vous pouvez nous contacter avec les \u00e9quipes Yessalgui EDITIONS"},"content":{"rendered":"\t\t<div data-elementor-type=\"wp-page\" data-elementor-id=\"265\" class=\"elementor elementor-265\">\n\t\t\t\t<div class=\"elementor-element elementor-element-c965a9d e-grid e-con-boxed wpr-particle-no wpr-jarallax-no wpr-parallax-no wpr-sticky-section-no e-con e-parent\" data-id=\"c965a9d\" data-element_type=\"container\" data-e-type=\"container\" data-settings=\"{&quot;background_background&quot;:&quot;classic&quot;}\">\n\t\t\t\t\t<div class=\"e-con-inner\">\n\t\t\t\t<div class=\"elementor-element elementor-element-b5b2c46 elementor-widget elementor-widget-heading\" data-id=\"b5b2c46\" data-element_type=\"widget\" data-e-type=\"widget\" data-widget_type=\"heading.default\">\n\t\t\t\t<div class=\"elementor-widget-container\">\n\t\t\t\t\t<h2 class=\"elementor-heading-title elementor-size-default\">Yessalgui EDITIONS <br> Restons en Contact\n<\/h2>\t\t\t\t<\/div>\n\t\t\t\t<\/div>\n\t\t\t\t<div class=\"elementor-element elementor-element-77addac elementor-widget elementor-widget-text-editor\" data-id=\"77addac\" data-element_type=\"widget\" data-e-type=\"widget\" data-widget_type=\"text-editor.default\">\n\t\t\t\t<div class=\"elementor-widget-container\">\n\t\t\t\t\t\t\t\t\t<p>Avez-vous une question pour Yessalgui EDITIONS, un projet ou un int\u00e9r\u00eat particulier pour nos livres ? <br \/>Nous sommes l\u00e0 pour vous \u00e9couter et r\u00e9pondre \u00e0 toutes vos demandes. <br \/>Que vous soyez un lecteur passionn\u00e9 ou un auteur en qu\u00eate d&rsquo;une maison d&rsquo;\u00e9dition, n&rsquo;h\u00e9sitez pas \u00e0 nous contacter.<\/p>\t\t\t\t\t\t\t\t<\/div>\n\t\t\t\t<\/div>\n\t\t\t\t<div class=\"elementor-element elementor-element-3f3d644 elementor-widget elementor-widget-image\" data-id=\"3f3d644\" data-element_type=\"widget\" data-e-type=\"widget\" data-widget_type=\"image.default\">\n\t\t\t\t<div class=\"elementor-widget-container\">\n\t\t\t\t\t\t\t\t\t\t\t\t\t\t\t<img fetchpriority=\"high\" decoding=\"async\" width=\"256\" height=\"345\" src=\"https:\/\/yessalguieditions.com\/wp-content\/uploads\/2024\/12\/3d-business-two-phones-white-screen.png\" class=\"attachment-large size-large wp-image-2287\" alt=\"\" srcset=\"https:\/\/yessalguieditions.com\/wp-content\/uploads\/2024\/12\/3d-business-two-phones-white-screen.png 256w, https:\/\/yessalguieditions.com\/wp-content\/uploads\/2024\/12\/3d-business-two-phones-white-screen-223x300.png 223w\" sizes=\"(max-width: 256px) 100vw, 256px\" \/>\t\t\t\t\t\t\t\t\t\t\t\t\t\t\t<\/div>\n\t\t\t\t<\/div>\n\t\t\t\t<div class=\"elementor-element elementor-element-86b2f18 elementor-widget elementor-widget-shortcode\" data-id=\"86b2f18\" data-element_type=\"widget\" data-e-type=\"widget\" data-widget_type=\"shortcode.default\">\n\t\t\t\t<div class=\"elementor-widget-container\">\n\t\t\t\t\t\t\t<div class=\"elementor-shortcode\"><div id=\"bitforms_1_265_1\" class=\"bit-form AF1 Ah1 _frm-bg-b1\">\n      \n          <form novalidate id=\"form-bitforms_1_265_1\" class=\"AD1 AE1 _frm-b1\"  method='post'>\n              <input type=\"text\" class=\"d-none\" name=\"csrf\" value=\"pR3UXJ89awc7YYIYoSwkp0TrgOVWI0roS1SkBeV\/hhU=\">\n              <input type=\"text\" class=\"d-none\" name=\"t_identity\" value=\"rghBce9GrMptJry83fAEPzjf1ReUCiZTTC81G47yqqg=\">\n              \n              <input type=\"text\" class=\"d-none\" name=\"bitforms_id\" value=\"bitforms_1\">\n                  <div class=\"btcd-fld-itm b1-2 \">\n        <div \n      \n      class=\"J1 N1 O1 P1 b1-2-fld-wrp bf-fld-wrp \"\n    >\n            <div \n        \n        class=\"H1 x1 AB1 b1-2-lbl-wrp bf-lbl-wrp \" \n      >\n              <label \n         \n        class=\"A1 D1 H1 x1 y1 z1 AA1 Ag1 b1-2-lbl bf-lbl \"\n        for=\"b1-2-1\">\n        \n        \n        Nom\n        \n              <span \n        \n        class=\"y1 AC1 Ag1 b1-2-req-smbl bf-req-smbl \" \n      >\n        *\n      <\/span>\n      <\/label>\n        \n      <\/div>\n      <div \n        \n        class=\"b1-2-inp-wrp bf-inp-wrp \"\n      > \n            <div \n      \n      class=\"P1 b1-2-inp-fld-wrp bf-inp-fld-wrp \"\n    >\n      <input\n        \n        id=\"b1-2-1\"\n        \n        class=\"B1 E1 F1 a1 b1 c1 d1 e1 f1 g1 h1 i1 j1 k1 l1 m1 n1 o1 p1 q1 r1 s1 t1 u1 v1 w1 AW1 AX1 AY1 AZ1 Aa1 Ab1 Ac1 Ad1 Ae1 Af1 b1-2-fld bf-fld \"\n        type=\"text\"\n        required\n        \n        \n        placeholder='Entrez votre Nom'\n        \n        \n        autocomplete='name'\n        \n        name='text-b1-2'\n        \n        \n      \/>\n      \n      \n    <\/div>\n    \n        \n            <div class='K1 L1 M1 b1-2-err-wrp bf-err-wrp' style=\"opacity: 0 !important; height: 0px !important;\">\n    <div class='I1 b1-2-err-inner bf-err-inner'>\n      \n        \n        <div   class=\"A1 D1 Q1 R1 S1 T1 U1 V1 W1 X1 Y1 Z1 b1-2-err-msg bf-err-msg  J1 b1-2-err-txt bf-err-txt \" style='display: none !important;'><\/div>\n        \n      \n      <\/div>\n    <\/div>\n      <\/div>\n    <\/div>\n<\/div><div class=\"btcd-fld-itm b1-5 \">\n        <div \n      \n      class=\"J1 N1 O1 P1 b1-5-fld-wrp bf-fld-wrp \"\n    >\n            <div \n        \n        class=\"H1 x1 AB1 b1-5-lbl-wrp bf-lbl-wrp \" \n      >\n              <label \n         \n        class=\"A1 D1 H1 x1 y1 z1 AA1 Ag1 b1-5-lbl bf-lbl \"\n        for=\"b1-5-1\">\n        \n        \n        Email\n        \n              <span \n        \n        class=\"y1 AC1 Ag1 b1-5-req-smbl bf-req-smbl \" \n      >\n        *\n      <\/span>\n      <\/label>\n        \n      <\/div>\n      <div \n        \n        class=\"b1-5-inp-wrp bf-inp-wrp \"\n      > \n            <div \n      \n      class=\"P1 b1-5-inp-fld-wrp bf-inp-fld-wrp \"\n    >\n      <input\n        \n        id=\"b1-5-1\"\n        \n        class=\"B1 E1 F1 a1 b1 c1 d1 e1 f1 g1 h1 i1 j1 k1 l1 m1 n1 o1 p1 q1 r1 s1 t1 u1 v1 w1 AW1 AX1 AY1 AZ1 Aa1 Ab1 Ac1 Ad1 Ae1 Af1 b1-5-fld bf-fld \"\n        type=\"email\"\n        required\n        \n        \n        placeholder='example@mail.com'\n        \n        \n        autocomplete='email'\n        \n        name='email-b1-5'\n        \n        \n      \/>\n      \n      \n    <\/div>\n    \n        \n            <div class='K1 L1 M1 b1-5-err-wrp bf-err-wrp' style=\"opacity: 0 !important; height: 0px !important;\">\n    <div class='I1 b1-5-err-inner bf-err-inner'>\n      \n        \n        <div   class=\"A1 D1 Q1 R1 S1 T1 U1 V1 W1 X1 Y1 Z1 b1-5-err-msg bf-err-msg  J1 b1-5-err-txt bf-err-txt \" style='display: none !important;'><\/div>\n        \n      \n      <\/div>\n    <\/div>\n      <\/div>\n    <\/div>\n<\/div><div class=\"btcd-fld-itm b1-3 \">\n        <div \n      \n      class=\"J1 N1 O1 P1 b1-3-fld-wrp bf-fld-wrp \"\n    >\n            <div \n        \n        class=\"H1 x1 AB1 b1-3-lbl-wrp bf-lbl-wrp \" \n      >\n              <label \n         \n        class=\"A1 D1 H1 x1 y1 z1 AA1 Ag1 b1-3-lbl bf-lbl \"\n        for=\"b1-3-1\">\n        \n        \n        Message\n        \n              <span \n        \n        class=\"y1 AC1 Ag1 b1-3-req-smbl bf-req-smbl \" \n      >\n        *\n      <\/span>\n      <\/label>\n        \n      <\/div>\n      <div \n        \n        class=\"b1-3-inp-wrp bf-inp-wrp \"\n      > \n            <div \n      \n      class=\"P1 b1-3-inp-fld-wrp bf-inp-fld-wrp \"\n    >\n      <textarea\n        \n        id=\"b1-3-1\"\n        class=\"B1 E1 F1 a1 b1 c1 d1 e1 g1 h1 j1 k1 l1 m1 n1 o1 p1 q1 r1 s1 t1 u1 v1 w1 AM1 AW1 AX1 AY1 AZ1 Aa1 Ab1 Ac1 Ad1 Ae1 Af1 b1-3-fld bf-fld \"\n        required\n        \n        \n        placeholder='\u00c9crivez votre message ici...'\n        \n        name='textarea-b1-3'\n      ><\/textarea>\n      \n      \n    <\/div>\n        \n            <div class='K1 L1 M1 b1-3-err-wrp bf-err-wrp' style=\"opacity: 0 !important; height: 0px !important;\">\n    <div class='I1 b1-3-err-inner bf-err-inner'>\n      \n        \n        <div   class=\"A1 D1 Q1 R1 S1 T1 U1 V1 W1 X1 Y1 Z1 b1-3-err-msg bf-err-msg  J1 b1-3-err-txt bf-err-txt \" style='display: none !important;'><\/div>\n        \n      \n      <\/div>\n    <\/div>\n      <\/div>\n    <\/div>\n<\/div><div class=\"btcd-fld-itm b1-1 \">\n        <div \n      \n      class=\"J1 N1 O1 P1 b1-1-fld-wrp bf-fld-wrp \"\n    >\n      \n      <div \n        \n        class=\"b1-1-inp-wrp bf-inp-wrp \"\n      > \n              <div \n        \n        class=\"D1 b1-1-inp-fld-wrp bf-inp-fld-wrp \"\n      >\n        <button\n          \n          class=\"A1 B1 C1 D1 E1 F1 G1 H1 AG1 AH1 AI1 AJ1 AK1 AL1 Ai1 Aj1 Ak1 b1-1-btn bf-btn  \"\n          type=\"submit\"\n          name='button-b1-1'\n          \n        >\n          \n          Soumettre \n          \n          <span class=\"bf-spinner d-none\"><\/span>\n        <\/button>\n      <\/div>\n        \n        \n      <\/div>\n    <\/div>\n<\/div>\n          <\/form>\n          \n          <div id='bf-form-msg-wrp-bitforms_1_265_1'><\/div>\n                      <div role=\"dialog\" aria-hidden=\"true\" data-modal-backdrop=\"true\" class=\"A1 D1 G1 AS1 AT1 AU1 msg-container-1 deactive scroll\">\n              <div data-contentid=\"bitforms_1_265_1\" data-msgid=\"1\" role=\"button\" class=\"A1 D1 G1 H1 AR1 msg-background-1 msg-backdrop\">\n                <div class=\"bf-msg-content H1 P1 T1 U1 y1 AV1 Ag1 msg-content-1\">\n                  <button data-contentid=\"bitforms_1_265_1\" data-msgid=\"1\" class=\"C1 K1 N1 AN1 AO1 AP1 Al1 Am1 An1 close-1 bf-msg-close\" type=\"button\">\n                    <svg class=\"AQ1 close-icn-1\" viewBox=\"0 0 30 30\">\n                      <line fill=\"none\" stroke=\"currentColor\" stroke-linecap=\"round\" stroke-linejoin=\"round\" x1=\"4\" y1=\"3.88\" x2=\"26\" y2=\"26.12\"><\/line>\n                      <line fill=\"none\" stroke=\"currentColor\" stroke-linecap=\"round\" stroke-linejoin=\"round\" x1=\"26\" y1=\"3.88\" x2=\"4\" y2=\"26.12\"><\/line>\n                    <\/svg>\n                  <\/button>\n                  <div class=\"msg-content\"><\/div>\n                <\/div>\n              <\/div>\n            <\/div>\n      <\/div>    <script id=\"bit-form-bf-globals-bitforms_1_265_1\">      if(!window.bf_globals) { \n        window.bf_globals = {} \n      } if(!window.bf_globals.bitforms_1_265_1) { \n        window.bf_globals.bitforms_1_265_1 = {} \n      }\n      if(document.getElementById('bitforms_1_265_1')) {\n        window.bf_globals.bitforms_1_265_1 = { \n          ...window.bf_globals.bitforms_1_265_1, \n          ...{\"ajaxURL\":\"https:\\\/\\\/yessalguieditions.com\\\/wp-admin\\\/admin-ajax.php\",\"nonce\":\"bed4ad75cd\",\"version\":\"2.21.9\",\"layout\":{\"lg\":[{\"w\":60,\"h\":80,\"x\":0,\"y\":0,\"i\":\"b1-2\",\"moved\":false,\"static\":false},{\"w\":60,\"h\":80,\"x\":0,\"y\":80,\"i\":\"b1-5\",\"moved\":false,\"static\":false},{\"w\":60,\"h\":101,\"x\":0,\"y\":160,\"i\":\"b1-3\",\"minW\":9,\"moved\":false,\"static\":false},{\"w\":60,\"h\":54,\"x\":0,\"y\":261,\"i\":\"b1-1\",\"moved\":false,\"static\":false}],\"md\":[{\"w\":60,\"h\":80,\"x\":0,\"y\":0,\"i\":\"b1-2\",\"moved\":false,\"static\":false},{\"w\":60,\"h\":80,\"x\":0,\"y\":80,\"i\":\"b1-5\",\"moved\":false,\"static\":false},{\"w\":60,\"h\":101,\"x\":0,\"y\":160,\"i\":\"b1-3\",\"minW\":9,\"moved\":false,\"static\":false},{\"w\":60,\"h\":54,\"x\":0,\"y\":261,\"i\":\"b1-1\",\"moved\":false,\"static\":false}],\"sm\":[{\"w\":60,\"h\":80,\"x\":0,\"y\":0,\"i\":\"b1-2\",\"moved\":false,\"static\":false},{\"w\":60,\"h\":80,\"x\":0,\"y\":80,\"i\":\"b1-5\",\"moved\":false,\"static\":false},{\"w\":60,\"h\":101,\"x\":0,\"y\":160,\"i\":\"b1-3\",\"minW\":9,\"moved\":false,\"static\":false},{\"w\":60,\"h\":54,\"x\":0,\"y\":261,\"i\":\"b1-1\",\"moved\":false,\"static\":false}]},\"nestedLayout\":{},\"fields\":{\"b1-1\":{\"typ\":\"button\",\"btnSiz\":\"md\",\"btnTyp\":\"submit\",\"txt\":\"Soumettre \",\"icn\":{\"pos\":\"\",\"url\":\"\"},\"valid\":{},\"customClasses\":{},\"customAttributes\":{},\"fulW\":true,\"fieldName\":\"button-b1-1\"},\"b1-2\":{\"typ\":\"text\",\"lbl\":\"Nom\",\"phHide\":true,\"valid\":{\"req\":true,\"reqPos\":\"after\",\"reqShow\":true},\"err\":{\"req\":{\"dflt\":\"<p style=\\\"margin:0\\\">This field is required<\\\/p>\",\"show\":true}},\"customClasses\":{},\"customAttributes\":{},\"fieldName\":\"text-b1-2\",\"acHide\":true,\"ac\":\"name\",\"ph\":\"Entrez votre Nom\"},\"b1-3\":{\"typ\":\"textarea\",\"lbl\":\"Message\",\"phHide\":true,\"valid\":{\"req\":true,\"reqPos\":\"after\",\"reqShow\":true},\"err\":{\"req\":{\"dflt\":\"<p style=\\\"margin:0\\\">This field is required<\\\/p>\",\"show\":true,\"custom\":true,\"msg\":\"<p style=\\\"margin:0\\\">Message can not be empty.<\\\/p>\"}},\"customClasses\":{},\"customAttributes\":{},\"fieldName\":\"textarea-b1-3\",\"ph\":\"\\u00c9crivez votre message ici...\"},\"b1-5\":{\"typ\":\"email\",\"lbl\":\"Email\",\"ph\":\"example@mail.com\",\"phHide\":true,\"pattern\":\"^[^$_bf_$s@]+@[^$_bf_$s@]+$_bf_$.[^$_bf_$s@]+$\",\"valid\":{\"req\":true,\"reqPos\":\"after\",\"reqShow\":true},\"err\":{\"invalid\":{\"dflt\":\"<p style=\\\"margin:0\\\">Please, Enter a valid email address.<\\\/p>\",\"show\":true},\"req\":{\"dflt\":\"<p style=\\\"margin:0\\\">This field is required<\\\/p>\",\"show\":true,\"custom\":true,\"msg\":\"<p style=\\\"margin:0\\\">Please enter your email.<\\\/p>\"}},\"customClasses\":{},\"customAttributes\":{},\"fieldName\":\"email-b1-5\",\"acHide\":true,\"ac\":\"email\"}},\"buttons\":\"\",\"fieldsKey\":{\"b1-1\":\"b1-1\",\"b1-2\":\"b1-2\",\"b1-3\":\"b1-3\",\"b1-5\":\"b1-5\"},\"file\":false,\"configs\":{\"bf_separator\":\"__bf__\"},\"formId\":1,\"appID\":\"bitforms_1\",\"GCLID\":false,\"assetUrl\":\"https:\\\/\\\/yessalguieditions.com\\\/wp-content\\\/plugins\\\/bit-form\\\/assets\",\"onfieldCondition\":false,\"smartTags\":{\"_bf_current_time\":\"2026-04-17 00:58:35\",\"_bf_admin_email\":\"yessalgui.editions@artizlabs.com\",\"_bf_date_default\":\"17 avril 2026\",\"_bf_date.m\\\/d\\\/y\":\"04\\\/17\\\/26\",\"_bf_date.d\\\/m\\\/y\":\"17\\\/04\\\/26\",\"_bf_date.y\\\/m\\\/d\":\"26\\\/04\\\/17\",\"_bf_date.Y-m-d\":\"2026-04-17\",\"_bf_date.d-M, Y\":\"17-Avr, 2026\",\"_bf_time\":\"0h58\",\"_bf_weekday\":\"vendredi\",\"_bf_http_referer_url\":\"\",\"_bf_ip_address\":\"216.73.216.49\",\"_bf_browser_name\":\"Bot\",\"_bf_operating_system\":\"\",\"_bf_random_digit\":\"69e1699b53e98\",\"_bf_user_id\":\"0\",\"_bf_user_first_name\":\" \",\"_bf_user_last_name\":\" \",\"_bf_user_display_name\":\" \",\"_bf_user_nice_name\":\" \",\"_bf_user_login_name\":\" \",\"_bf_user_email\":\" \",\"_bf_user_url\":\" \",\"_bf_current_user_role\":\" \",\"_bf_author_id\":\" \",\"_bf_author_display\":\" \",\"_bf_author_email\":\" \",\"_bf_site_title\":\"Yessalgui Editions\",\"_bf_site_description\":\"Nourrir l\\u2019\\u00e2me, \\u00e9veiller l\\u2019esprit !\",\"_bf_site_url\":\"https:\\\/\\\/yessalguieditions.com\",\"_bf_wp_local_codes\":\"fr-FR\",\"_bf_separator\":\"__bf__\",\"_bf_post_id\":\"\",\"_bf_post_name\":\"\",\"_bf_post_title\":\"\",\"_bf_post_date\":\"\",\"_bf_post_modified_date\":\"\",\"_bf_post_url\":\"\",\"_bf_is_user_logged_in\":\"logged_out\",\"_bf_entry_id\":\"\",\"_bf_back_view\":\"https:\\\/\\\/yessalguieditions.com\"},\"paymentCallbackUrl\":\"https:\\\/\\\/yessalguieditions.com\\\/index.php?rest_route=\\\/bitform\\\/v1\\\/payments\\\/razorpay\",\"gRecaptchaSiteKey\":null,\"gRecaptchaVersion\":null,\"turnstileSiteKey\":null,\"hCaptchaSiteKey\":null}\n        };\n      }<\/script><\/div>\n\t\t\t\t\t\t<\/div>\n\t\t\t\t<\/div>\n\t\t<div class=\"elementor-element elementor-element-bacbb49 e-grid e-con-full wpr-particle-no wpr-jarallax-no wpr-parallax-no wpr-sticky-section-no e-con e-child\" data-id=\"bacbb49\" data-element_type=\"container\" data-e-type=\"container\">\n\t\t\t\t<div class=\"elementor-element elementor-element-e67153e elementor-widget elementor-widget-text-editor\" data-id=\"e67153e\" data-element_type=\"widget\" data-e-type=\"widget\" data-widget_type=\"text-editor.default\">\n\t\t\t\t<div class=\"elementor-widget-container\">\n\t\t\t\t\t\t\t\t\t<p><a rel=\"noopener\">contact@yessalguieditions.com<\/a><\/p>\t\t\t\t\t\t\t\t<\/div>\n\t\t\t\t<\/div>\n\t\t\t\t<div class=\"elementor-element elementor-element-19e1ad7 elementor-grid-mobile-1 e-grid-align-mobile-center e-grid-align-left elementor-shape-rounded elementor-grid-0 elementor-widget elementor-widget-social-icons\" data-id=\"19e1ad7\" data-element_type=\"widget\" data-e-type=\"widget\" data-widget_type=\"social-icons.default\">\n\t\t\t\t<div class=\"elementor-widget-container\">\n\t\t\t\t\t\t\t<div class=\"elementor-social-icons-wrapper elementor-grid\" role=\"list\">\n\t\t\t\t\t\t\t<span class=\"elementor-grid-item\" role=\"listitem\">\n\t\t\t\t\t<a class=\"elementor-icon elementor-social-icon elementor-social-icon-facebook elementor-repeater-item-d0b67d6\" href=\"https:\/\/www.facebook.com\/YessalguiEditions\" target=\"_blank\">\n\t\t\t\t\t\t<span class=\"elementor-screen-only\">Facebook<\/span>\n\t\t\t\t\t\t<svg aria-hidden=\"true\" class=\"e-font-icon-svg e-fab-facebook\" viewBox=\"0 0 512 512\" xmlns=\"http:\/\/www.w3.org\/2000\/svg\"><path d=\"M504 256C504 119 393 8 256 8S8 119 8 256c0 123.78 90.69 226.38 209.25 245V327.69h-63V256h63v-54.64c0-62.15 37-96.48 93.67-96.48 27.14 0 55.52 4.84 55.52 4.84v61h-31.28c-30.8 0-40.41 19.12-40.41 38.73V256h68.78l-11 71.69h-57.78V501C413.31 482.38 504 379.78 504 256z\"><\/path><\/svg>\t\t\t\t\t<\/a>\n\t\t\t\t<\/span>\n\t\t\t\t\t\t\t<span class=\"elementor-grid-item\" role=\"listitem\">\n\t\t\t\t\t<a class=\"elementor-icon elementor-social-icon elementor-social-icon-instagram elementor-repeater-item-39a6fd9\" href=\"https:\/\/www.instagram.com\/yessalgui_editions\/\" target=\"_blank\">\n\t\t\t\t\t\t<span class=\"elementor-screen-only\">Instagram<\/span>\n\t\t\t\t\t\t<svg aria-hidden=\"true\" class=\"e-font-icon-svg e-fab-instagram\" viewBox=\"0 0 448 512\" xmlns=\"http:\/\/www.w3.org\/2000\/svg\"><path d=\"M224.1 141c-63.6 0-114.9 51.3-114.9 114.9s51.3 114.9 114.9 114.9S339 319.5 339 255.9 287.7 141 224.1 141zm0 189.6c-41.1 0-74.7-33.5-74.7-74.7s33.5-74.7 74.7-74.7 74.7 33.5 74.7 74.7-33.6 74.7-74.7 74.7zm146.4-194.3c0 14.9-12 26.8-26.8 26.8-14.9 0-26.8-12-26.8-26.8s12-26.8 26.8-26.8 26.8 12 26.8 26.8zm76.1 27.2c-1.7-35.9-9.9-67.7-36.2-93.9-26.2-26.2-58-34.4-93.9-36.2-37-2.1-147.9-2.1-184.9 0-35.8 1.7-67.6 9.9-93.9 36.1s-34.4 58-36.2 93.9c-2.1 37-2.1 147.9 0 184.9 1.7 35.9 9.9 67.7 36.2 93.9s58 34.4 93.9 36.2c37 2.1 147.9 2.1 184.9 0 35.9-1.7 67.7-9.9 93.9-36.2 26.2-26.2 34.4-58 36.2-93.9 2.1-37 2.1-147.8 0-184.8zM398.8 388c-7.8 19.6-22.9 34.7-42.6 42.6-29.5 11.7-99.5 9-132.1 9s-102.7 2.6-132.1-9c-19.6-7.8-34.7-22.9-42.6-42.6-11.7-29.5-9-99.5-9-132.1s-2.6-102.7 9-132.1c7.8-19.6 22.9-34.7 42.6-42.6 29.5-11.7 99.5-9 132.1-9s102.7-2.6 132.1 9c19.6 7.8 34.7 22.9 42.6 42.6 11.7 29.5 9 99.5 9 132.1s2.7 102.7-9 132.1z\"><\/path><\/svg>\t\t\t\t\t<\/a>\n\t\t\t\t<\/span>\n\t\t\t\t\t\t\t<span class=\"elementor-grid-item\" role=\"listitem\">\n\t\t\t\t\t<a class=\"elementor-icon elementor-social-icon elementor-social-icon-tiktok elementor-repeater-item-2495aa3\" href=\"https:\/\/www.tiktok.com\/@yessalgui_editions\" target=\"_blank\">\n\t\t\t\t\t\t<span class=\"elementor-screen-only\">Tiktok<\/span>\n\t\t\t\t\t\t<svg aria-hidden=\"true\" class=\"e-font-icon-svg e-fab-tiktok\" viewBox=\"0 0 448 512\" xmlns=\"http:\/\/www.w3.org\/2000\/svg\"><path d=\"M448,209.91a210.06,210.06,0,0,1-122.77-39.25V349.38A162.55,162.55,0,1,1,185,188.31V278.2a74.62,74.62,0,1,0,52.23,71.18V0l88,0a121.18,121.18,0,0,0,1.86,22.17h0A122.18,122.18,0,0,0,381,102.39a121.43,121.43,0,0,0,67,20.14Z\"><\/path><\/svg>\t\t\t\t\t<\/a>\n\t\t\t\t<\/span>\n\t\t\t\t\t\t\t<span class=\"elementor-grid-item\" role=\"listitem\">\n\t\t\t\t\t<a class=\"elementor-icon elementor-social-icon elementor-social-icon-icon-youtube elementor-repeater-item-8904e38\" href=\"https:\/\/www.youtube.com\/channel\/UCl6xWhKb_dTXMZyeJkqQOMA\" target=\"_blank\">\n\t\t\t\t\t\t<span class=\"elementor-screen-only\">Icon-youtube<\/span>\n\t\t\t\t\t\t<i aria-hidden=\"true\" class=\"icon icon-youtube\"><\/i>\t\t\t\t\t<\/a>\n\t\t\t\t<\/span>\n\t\t\t\t\t<\/div>\n\t\t\t\t\t\t<\/div>\n\t\t\t\t<\/div>\n\t\t\t\t<\/div>\n\t\t<div class=\"elementor-element elementor-element-f8da341 e-grid e-con-full wpr-particle-no wpr-jarallax-no wpr-parallax-no wpr-sticky-section-no e-con e-child\" data-id=\"f8da341\" data-element_type=\"container\" data-e-type=\"container\">\n\t\t\t\t<div class=\"elementor-element elementor-element-2a533a5 elementor-widget elementor-widget-text-editor\" data-id=\"2a533a5\" data-element_type=\"widget\" data-e-type=\"widget\" data-widget_type=\"text-editor.default\">\n\t\t\t\t<div class=\"elementor-widget-container\">\n\t\t\t\t\t\t\t\t\t<p>Yessalgui Editions \u00a9 2025 \u2013 Tous droits r\u00e9serv\u00e9s<br \/>R\u00e9alis\u00e9 par <a href=\"https:\/\/www.artizlabs.com\/\" target=\"_blank\" rel=\"noopener\">Artizlabs<\/a><\/p>\t\t\t\t\t\t\t\t<\/div>\n\t\t\t\t<\/div>\n\t\t\t\t<\/div>\n\t\t\t\t\t<\/div>\n\t\t\t\t<\/div>\n\t\t\t\t<\/div>\n\t\t","protected":false},"excerpt":{"rendered":"<p>Yessalgui EDITIONS Restons en Contact Avez-vous une question pour Yessalgui EDITIONS, un projet ou un int\u00e9r\u00eat particulier pour nos livres ? Nous sommes l\u00e0 pour vous \u00e9couter et r\u00e9pondre \u00e0 toutes vos demandes. Que vous soyez un lecteur passionn\u00e9 ou un auteur en qu\u00eate d&rsquo;une maison d&rsquo;\u00e9dition, n&rsquo;h\u00e9sitez pas \u00e0 nous contacter. contact@yessalguieditions.com Facebook Instagram Tiktok Icon-youtube Yessalgui Editions \u00a9 2025 \u2013 Tous droits r\u00e9serv\u00e9sR\u00e9alis\u00e9 par Artizlabs<\/p>\n","protected":false},"author":1,"featured_media":0,"parent":0,"menu_order":0,"comment_status":"closed","ping_status":"closed","template":"","meta":{"site-sidebar-layout":"no-sidebar","site-content-layout":"","ast-site-content-layout":"full-width-container","site-content-style":"default","site-sidebar-style":"default","ast-global-header-display":"","ast-banner-title-visibility":"","ast-main-header-display":"","ast-hfb-above-header-display":"","ast-hfb-below-header-display":"","ast-hfb-mobile-header-display":"","site-post-title":"disabled","ast-breadcrumbs-content":"","ast-featured-img":"disabled","footer-sml-layout":"","ast-disable-related-posts":"","theme-transparent-header-meta":"","adv-header-id-meta":"","stick-header-meta":"","header-above-stick-meta":"","header-main-stick-meta":"","header-below-stick-meta":"","astra-migrate-meta-layouts":"default","ast-page-background-enabled":"default","ast-page-background-meta":{"desktop":{"background-color":"var(--ast-global-color-4)","background-image":"","background-repeat":"repeat","background-position":"center center","background-size":"auto","background-attachment":"scroll","background-type":"","background-media":"","overlay-type":"","overlay-color":"","overlay-opacity":"","overlay-gradient":""},"tablet":{"background-color":"","background-image":"","background-repeat":"repeat","background-position":"center center","background-size":"auto","background-attachment":"scroll","background-type":"","background-media":"","overlay-type":"","overlay-color":"","overlay-opacity":"","overlay-gradient":""},"mobile":{"background-color":"","background-image":"","background-repeat":"repeat","background-position":"center center","background-size":"auto","background-attachment":"scroll","background-type":"","background-media":"","overlay-type":"","overlay-color":"","overlay-opacity":"","overlay-gradient":""}},"ast-content-background-meta":{"desktop":{"background-color":"var(--ast-global-color-5)","background-image":"","background-repeat":"repeat","background-position":"center center","background-size":"auto","background-attachment":"scroll","background-type":"","background-media":"","overlay-type":"","overlay-color":"","overlay-opacity":"","overlay-gradient":""},"tablet":{"background-color":"var(--ast-global-color-5)","background-image":"","background-repeat":"repeat","background-position":"center center","background-size":"auto","background-attachment":"scroll","background-type":"","background-media":"","overlay-type":"","overlay-color":"","overlay-opacity":"","overlay-gradient":""},"mobile":{"background-color":"var(--ast-global-color-5)","background-image":"","background-repeat":"repeat","background-position":"center center","background-size":"auto","background-attachment":"scroll","background-type":"","background-media":"","overlay-type":"","overlay-color":"","overlay-opacity":"","overlay-gradient":""}},"footnotes":""},"class_list":["post-265","page","type-page","status-publish","hentry"],"aioseo_notices":[],"_links":{"self":[{"href":"https:\/\/yessalguieditions.com\/index.php?rest_route=\/wp\/v2\/pages\/265","targetHints":{"allow":["GET"]}}],"collection":[{"href":"https:\/\/yessalguieditions.com\/index.php?rest_route=\/wp\/v2\/pages"}],"about":[{"href":"https:\/\/yessalguieditions.com\/index.php?rest_route=\/wp\/v2\/types\/page"}],"author":[{"embeddable":true,"href":"https:\/\/yessalguieditions.com\/index.php?rest_route=\/wp\/v2\/users\/1"}],"replies":[{"embeddable":true,"href":"https:\/\/yessalguieditions.com\/index.php?rest_route=%2Fwp%2Fv2%2Fcomments&post=265"}],"version-history":[{"count":69,"href":"https:\/\/yessalguieditions.com\/index.php?rest_route=\/wp\/v2\/pages\/265\/revisions"}],"predecessor-version":[{"id":2841,"href":"https:\/\/yessalguieditions.com\/index.php?rest_route=\/wp\/v2\/pages\/265\/revisions\/2841"}],"wp:attachment":[{"href":"https:\/\/yessalguieditions.com\/index.php?rest_route=%2Fwp%2Fv2%2Fmedia&parent=265"}],"curies":[{"name":"wp","href":"https:\/\/api.w.org\/{rel}","templated":true}]}}